{"id":1818,"date":"2022-12-22T11:51:43","date_gmt":"2022-12-22T10:51:43","guid":{"rendered":"https:\/\/udruga-106br.hr\/?page_id=1818"},"modified":"2025-02-18T12:23:12","modified_gmt":"2025-02-18T11:23:12","slug":"zavrsetak-braniteljske-lige","status":"publish","type":"page","link":"https:\/\/udruga-106br.hr\/index.php\/zavrsetak-braniteljske-lige\/","title":{"rendered":"Braniteljska liga"},"content":{"rendered":"\n<p>Sve\u010danom podjelom pehara i medalja zavr\u0161ena je Braniteljska liga. Dodjeli pehara i medalja odazvao se Robert Seligman, proslavljeni sporta\u0161 Grada i direktor Sportskih objekata.<\/p>\n\n\n\n<p><\/p>\n\n\n\n<figure class=\"wp-block-image size-large is-resized\"><img loading=\"lazy\" decoding=\"async\" src=\"https:\/\/udruga-106br.hr\/wp-content\/uploads\/2022\/12\/IMG-20221222-WA0004-1024x582.jpg\" alt=\"\" class=\"wp-image-1819\" width=\"686\" height=\"390\" srcset=\"https:\/\/udruga-106br.hr\/wp-content\/uploads\/2022\/12\/IMG-20221222-WA0004-1024x582.jpg 1024w, https:\/\/udruga-106br.hr\/wp-content\/uploads\/2022\/12\/IMG-20221222-WA0004-300x171.jpg 300w, https:\/\/udruga-106br.hr\/wp-content\/uploads\/2022\/12\/IMG-20221222-WA0004-768x437.jpg 768w, https:\/\/udruga-106br.hr\/wp-content\/uploads\/2022\/12\/IMG-20221222-WA0004.jpg 1080w\" sizes=\"auto, (max-width: 686px) 100vw, 686px\" \/><\/figure>\n<!-- AddThis Advanced Settings generic via filter on the_content --><!-- AddThis Share Buttons generic via filter on the_content -->","protected":false},"excerpt":{"rendered":"<p>Sve\u010danom podjelom pehara i medalja zavr\u0161ena je Braniteljska liga. Dodjeli pehara i medalja odazvao se Robert Seligman, proslavljeni sporta\u0161 Grada i direktor Sportskih objekata.<!-- AddThis Advanced Settings generic via filter on get_the_excerpt --><!-- AddThis Share Buttons generic via filter on get_the_excerpt --><\/p>\n","protected":false},"author":2,"featured_media":0,"parent":0,"menu_order":0,"comment_status":"closed","ping_status":"closed","template":"","meta":{"footnotes":""},"class_list":["post-1818","page","type-page","status-publish","hentry"],"_links":{"self":[{"href":"https:\/\/udruga-106br.hr\/index.php\/wp-json\/wp\/v2\/pages\/1818","targetHints":{"allow":["GET"]}}],"collection":[{"href":"https:\/\/udruga-106br.hr\/index.php\/wp-json\/wp\/v2\/pages"}],"about":[{"href":"https:\/\/udruga-106br.hr\/index.php\/wp-json\/wp\/v2\/types\/page"}],"author":[{"embeddable":true,"href":"https:\/\/udruga-106br.hr\/index.php\/wp-json\/wp\/v2\/users\/2"}],"replies":[{"embeddable":true,"href":"https:\/\/udruga-106br.hr\/index.php\/wp-json\/wp\/v2\/comments?post=1818"}],"version-history":[{"count":2,"href":"https:\/\/udruga-106br.hr\/index.php\/wp-json\/wp\/v2\/pages\/1818\/revisions"}],"predecessor-version":[{"id":4537,"href":"https:\/\/udruga-106br.hr\/index.php\/wp-json\/wp\/v2\/pages\/1818\/revisions\/4537"}],"wp:attachment":[{"href":"https:\/\/udruga-106br.hr\/index.php\/wp-json\/wp\/v2\/media?parent=1818"}],"curies":[{"name":"wp","href":"https:\/\/api.w.org\/{rel}","templated":true}]}}

<p>Svečanom podjelom pehara i medalja završena je Braniteljska liga. Dodjeli pehara i medalja odazvao se Robert Seligman, proslavljeni sportaš Grada i direktor Sportskih objekata.</p>



<p></p>



<figure class="wp-block-image size-large is-resized"><img loading="lazy" decoding="async" src="https://udruga-106br.hr/wp-content/uploads/2022/12/IMG-20221222-WA0004-1024x582.jpg" alt="" class="wp-image-1819" width="686" height="390" srcset="https://udruga-106br.hr/wp-content/uploads/2022/12/IMG-20221222-WA0004-1024x582.jpg 1024w, https://udruga-106br.hr/wp-content/uploads/2022/12/IMG-20221222-WA0004-300x171.jpg 300w, https://udruga-106br.hr/wp-content/uploads/2022/12/IMG-20221222-WA0004-768x437.jpg 768w, https://udruga-106br.hr/wp-content/uploads/2022/12/IMG-20221222-WA0004.jpg 1080w" sizes="auto, (max-width: 686px) 100vw, 686px" /></figure>
<!-- AddThis Advanced Settings generic via filter on the_content --><!-- AddThis Share Buttons generic via filter on the_content -->

<p>Svečanom podjelom pehara i medalja završena je Braniteljska liga. Dodjeli pehara i medalja odazvao se Robert Seligman, proslavljeni sportaš Grada i direktor Sportskih objekata.<!-- AddThis Advanced Settings generic via filter on get_the_excerpt --><!-- AddThis Share Buttons generic via filter on get_the_excerpt --></p>
